{"id":6692,"date":"2025-08-24T13:57:00","date_gmt":"2025-08-24T11:57:00","guid":{"rendered":"https:\/\/www.masdanza.com\/english\/?post_type=portfolio&#038;p=6692"},"modified":"2025-09-27T11:08:35","modified_gmt":"2025-09-27T09:08:35","slug":"masdanza-aguimes","status":"publish","type":"portfolio","link":"https:\/\/www.masdanza.com\/english\/portfolio\/masdanza-aguimes\/","title":{"rendered":"MASDANZA AG\u00dcIMES"},"content":{"rendered":"<hr \/>\n<h3 style=\"text-align: center;\">MASDANZA AG\u00daIMES 2025 PROGRAMME<\/h3>\n<hr \/>\n<p style=\"text-align: center;\"><strong>WEDNESDAY OCT 15 &#8211; POUR LADY OF ROSARIO SQUARE, AG\u00dcIMES &#8211; 20,00 h<\/strong><\/p>\n<p><img loading=\"lazy\" decoding=\"async\" class=\"alignnone wp-image-6732 size-full\" src=\"https:\/\/www.masdanza.com\/english\/wp-content\/uploads\/2025\/09\/1-A-RAIZ-DE_Daniel-Rodriguez-Cia-2_Foto-Pablo-Vargas-scaled.jpg\" alt=\"\" width=\"2560\" height=\"1707\" srcset=\"https:\/\/www.masdanza.com\/english\/wp-content\/uploads\/2025\/09\/1-A-RAIZ-DE_Daniel-Rodriguez-Cia-2_Foto-Pablo-Vargas-scaled.jpg 2560w, https:\/\/www.masdanza.com\/english\/wp-content\/uploads\/2025\/09\/1-A-RAIZ-DE_Daniel-Rodriguez-Cia-2_Foto-Pablo-Vargas-300x200.jpg 300w, https:\/\/www.masdanza.com\/english\/wp-content\/uploads\/2025\/09\/1-A-RAIZ-DE_Daniel-Rodriguez-Cia-2_Foto-Pablo-Vargas-1024x683.jpg 1024w, https:\/\/www.masdanza.com\/english\/wp-content\/uploads\/2025\/09\/1-A-RAIZ-DE_Daniel-Rodriguez-Cia-2_Foto-Pablo-Vargas-768x512.jpg 768w, https:\/\/www.masdanza.com\/english\/wp-content\/uploads\/2025\/09\/1-A-RAIZ-DE_Daniel-Rodriguez-Cia-2_Foto-Pablo-Vargas-1536x1024.jpg 1536w, https:\/\/www.masdanza.com\/english\/wp-content\/uploads\/2025\/09\/1-A-RAIZ-DE_Daniel-Rodriguez-Cia-2_Foto-Pablo-Vargas-2048x1365.jpg 2048w, https:\/\/www.masdanza.com\/english\/wp-content\/uploads\/2025\/09\/1-A-RAIZ-DE_Daniel-Rodriguez-Cia-2_Foto-Pablo-Vargas-200x133.jpg 200w\" sizes=\"(max-width: 2560px) 100vw, 2560px\" \/><\/p>\n<p><strong>A RA\u00cdZ DE (15\u2019) <\/strong><\/p>\n<p>O Porri\u00f1o, Pontevedra (Galicia), Spain<br \/>\n<strong>Created &amp; Performed by:<\/strong> Daniel Rodr\u00edguez<br \/>\n<strong>Music:<\/strong> Aida Tarr\u00edo \u201cDespedidas\u201d, Crnds \u201cAlal\u00e1 de Seitura\u201d, Baiuca \u201cDia\u00f1o\u201d<\/p>\n<p style=\"text-align: justify;\">\u00abThe body, that instrument capable of bringing to life today the stories of yesterday, and of allowing tradition and contemporaneity to engage in dialogue within a single being where past and present coexist, to build a discourse for the future.\u00bb Ra\u00edz is born from Galician tradition\u2014through song, music, and traditional dance\u2014and the search for its dialogue with contemporary dance. This piece achieves a symbiosis between these two languages and their contexts, bringing the past closer to the present, and tradition closer to today\u2019s audiences, fostering a deeper connection between them and both contemporary dance and dance from the root\u201d.<\/p>\n<hr \/>\n<p><img loading=\"lazy\" decoding=\"async\" class=\"alignnone wp-image-6734 size-full\" src=\"https:\/\/www.masdanza.com\/english\/wp-content\/uploads\/2025\/09\/2-TODO-ESE-RUIDO_-Qabalum-Barbara-Fernandez-3-scaled.jpg\" alt=\"\" width=\"2560\" height=\"1710\" srcset=\"https:\/\/www.masdanza.com\/english\/wp-content\/uploads\/2025\/09\/2-TODO-ESE-RUIDO_-Qabalum-Barbara-Fernandez-3-scaled.jpg 2560w, https:\/\/www.masdanza.com\/english\/wp-content\/uploads\/2025\/09\/2-TODO-ESE-RUIDO_-Qabalum-Barbara-Fernandez-3-300x200.jpg 300w, https:\/\/www.masdanza.com\/english\/wp-content\/uploads\/2025\/09\/2-TODO-ESE-RUIDO_-Qabalum-Barbara-Fernandez-3-1024x684.jpg 1024w, https:\/\/www.masdanza.com\/english\/wp-content\/uploads\/2025\/09\/2-TODO-ESE-RUIDO_-Qabalum-Barbara-Fernandez-3-768x513.jpg 768w, https:\/\/www.masdanza.com\/english\/wp-content\/uploads\/2025\/09\/2-TODO-ESE-RUIDO_-Qabalum-Barbara-Fernandez-3-1536x1026.jpg 1536w, https:\/\/www.masdanza.com\/english\/wp-content\/uploads\/2025\/09\/2-TODO-ESE-RUIDO_-Qabalum-Barbara-Fernandez-3-2048x1368.jpg 2048w, https:\/\/www.masdanza.com\/english\/wp-content\/uploads\/2025\/09\/2-TODO-ESE-RUIDO_-Qabalum-Barbara-Fernandez-3-200x134.jpg 200w\" sizes=\"(max-width: 2560px) 100vw, 2560px\" \/><\/p>\n<p><strong>TODO ESE RUIDO (23\u2019)\u00a0<\/strong><\/p>\n<p>Pamplona (Navarre), Spain<br \/>\n<strong>Created by:<\/strong> Diego Paz\u00f3 &amp; Luc\u00eda Burguete [QABALUM]<br \/>\n<strong>Performed by:<\/strong> Diego Paz\u00f3, Luc\u00eda Burguete &amp; Joan Cano<br \/>\n<strong>Music:<\/strong> Alessandro Cortini \u201cSpettro IV\u201d<br \/>\n<strong>With the support of:<\/strong> Centro de Danza de Zaragoza, Festival Pies Para Qu\u00e9 Los Quiero, Festival Cuerpo Romo, Sortutakoak \u2013 Dantzagunea, DNA 2024 \u2013 Gobierno de Navarra, Dantzalabea \u2013 Teatro Barakaldo, Universidad San Jorge, Harrobi Gaztelekua &amp; CRJ Baragazte<\/p>\n<p style=\"text-align: justify;\">\u00abPerhaps all lives are interwoven because nature is an incomprehensible, chaotic, and absolute code whose only mutability lies in error. And perhaps we inhabit a mathematical ecosystem, and this body is a kind of avatar, and our genome an algorithm. And my atoms and yours, like pixels in an image, are not truly ours, and one day they will separate to give rise to other images, to other stories. And you and I, who have come from so far away, who have crossed the cosmos only to end up right here, will dissolve, little by little, into the eternity of which we are already a part. Todo Ese Ruido is a dance piece for two bodies and a drone, born from a fascination with the imagery of sci-fi, the powerful fragmentary and photographic storytelling of comics, the world of CGI and special effects, but also with myths about the creation of the world, Genesis, and the oldest philosophical intuitions \u2014 that elusive something humanity has always wondered about. It is inspired, in general, by the images from our history that speak of origin, of how we got here, and of what is to come. It is a danced poem that sketches a possible future, a hymn to the light that travels through time to give us form\u00bb.<\/p>\n<hr \/>\n<p><img loading=\"lazy\" decoding=\"async\" class=\"alignnone wp-image-6735 size-full\" src=\"https:\/\/www.masdanza.com\/english\/wp-content\/uploads\/2025\/09\/3GG9A0838-elegida-scaled.jpg\" alt=\"\" width=\"2560\" height=\"1707\" srcset=\"https:\/\/www.masdanza.com\/english\/wp-content\/uploads\/2025\/09\/3GG9A0838-elegida-scaled.jpg 2560w, https:\/\/www.masdanza.com\/english\/wp-content\/uploads\/2025\/09\/3GG9A0838-elegida-300x200.jpg 300w, https:\/\/www.masdanza.com\/english\/wp-content\/uploads\/2025\/09\/3GG9A0838-elegida-1024x683.jpg 1024w, https:\/\/www.masdanza.com\/english\/wp-content\/uploads\/2025\/09\/3GG9A0838-elegida-768x512.jpg 768w, https:\/\/www.masdanza.com\/english\/wp-content\/uploads\/2025\/09\/3GG9A0838-elegida-1536x1024.jpg 1536w, https:\/\/www.masdanza.com\/english\/wp-content\/uploads\/2025\/09\/3GG9A0838-elegida-2048x1365.jpg 2048w, https:\/\/www.masdanza.com\/english\/wp-content\/uploads\/2025\/09\/3GG9A0838-elegida-200x133.jpg 200w\" sizes=\"(max-width: 2560px) 100vw, 2560px\" \/><\/p>\n<p style=\"text-align: justify;\"><strong>RHYTHM (22&#8242;) <\/strong><\/p>\n<p style=\"text-align: justify;\">Vilches, Jaen (Andalusia), Spain<br \/>\n<strong>Created by:<\/strong> Mario Berm\u00fadez Gil [MARCAT DANCE]<br \/>\n<strong>Performed by:<\/strong> Alessia Sinato &amp; Marilisa Gallicchio<br \/>\n<strong>Music:<\/strong> Skew Mask \u201cVli\u201d, Michael Wall \u201cTwo Adrift\u201d, Christophe Zurfluh \u201cCircular Translation\u201d<br \/>\n<strong>With the support of:<\/strong> Junta de Andaluc\u00eda, INAEM<\/p>\n<p style=\"text-align: justify;\">\u00abRhythm is a choreographic work that transcends mere physical representation to evoke a profound exploration of the relationship between space, movement, pattern, and synchronization between the two performers on stage. Through a visual and kinetic narrative, the choreography seeks to capture the essence of human existence, where rhythms and dynamics intertwine as a living metaphor for life itself. The piece unfolds like a tapestry of movement and stillness, where acceleration and deceleration alternate in a constant dialogue between the performers. Harmony and discord intersect, creating a dynamic balance that reflects the complexity of human relationships. Synchronization and desynchronization become a bodily language that expresses both connection and disconnection between the two performers, while space becomes a living element that envelops and separates them. The choreography aims to create a universe where rhythm and dynamics become a form of communication that transcends words. Through this work, the audience is invited to reflect on the nature of rhythm and its influence on our lives and relationships, and to experience the beauty and complexity of human existence through movement and dance\u00bb.<\/p>\n<hr \/>\n<p><img loading=\"lazy\" decoding=\"async\" class=\"alignnone wp-image-6736 size-full\" src=\"https:\/\/www.masdanza.com\/english\/wp-content\/uploads\/2025\/09\/4-Colectivo-Banquet-3._Gorka-Bravo_@gorkabravophotographyJPG-scaled.jpg\" alt=\"\" width=\"2560\" height=\"1706\" srcset=\"https:\/\/www.masdanza.com\/english\/wp-content\/uploads\/2025\/09\/4-Colectivo-Banquet-3._Gorka-Bravo_@gorkabravophotographyJPG-scaled.jpg 2560w, https:\/\/www.masdanza.com\/english\/wp-content\/uploads\/2025\/09\/4-Colectivo-Banquet-3._Gorka-Bravo_@gorkabravophotographyJPG-300x200.jpg 300w, https:\/\/www.masdanza.com\/english\/wp-content\/uploads\/2025\/09\/4-Colectivo-Banquet-3._Gorka-Bravo_@gorkabravophotographyJPG-1024x683.jpg 1024w, https:\/\/www.masdanza.com\/english\/wp-content\/uploads\/2025\/09\/4-Colectivo-Banquet-3._Gorka-Bravo_@gorkabravophotographyJPG-768x512.jpg 768w, https:\/\/www.masdanza.com\/english\/wp-content\/uploads\/2025\/09\/4-Colectivo-Banquet-3._Gorka-Bravo_@gorkabravophotographyJPG-1536x1024.jpg 1536w, https:\/\/www.masdanza.com\/english\/wp-content\/uploads\/2025\/09\/4-Colectivo-Banquet-3._Gorka-Bravo_@gorkabravophotographyJPG-2048x1365.jpg 2048w, https:\/\/www.masdanza.com\/english\/wp-content\/uploads\/2025\/09\/4-Colectivo-Banquet-3._Gorka-Bravo_@gorkabravophotographyJPG-200x133.jpg 200w\" sizes=\"(max-width: 2560px) 100vw, 2560px\" \/><\/p>\n<p><strong>SEU AQU\u00cd (17\u2019) <\/strong><\/p>\n<p>Madrid, Spain<br \/>\n<strong>Created &amp; Performed by:<\/strong> Laura Garc\u00eda, Ana F. Melero, Daniel Rodr\u00edguez &amp; Javier De La Asunci\u00f3n [COLECTIVO BANQUET]<br \/>\n<strong>Music:<\/strong> Xique-Xique \u00abR\u00edo negro\u00bb, Mauricio P\u00e9rez \u00abSeu Aqui\u00bb,<br \/>\n<strong>With the support of:<\/strong> Centro Coreogr\u00e1fico Maria Pag\u00e9s, La Nave del Duende &amp; Centro Cultural Eduardo \u00darculo.<\/p>\n<p style=\"text-align: justify;\">\u00abSeu Aqu\u00ed invites you to sit and observe as four moving bodies reflect a society in constant growth and transformation. Through the poetics of movement, these performers explore themes such as encounter, discipline, manipulation, and the vital struggle for space, revealing the challenge of finding cooperation in coexistence in order to build a possible community. With humor and a touch of absurdity, these bodies address deep and current issues of our generation, creating a visual dialogue between the individual and the collective, the everyday and the extraordinary\u00bb.<\/p>\n<hr \/>\n<p style=\"text-align: justify;\">\n\n\n<div class=\"wp-block-buttons is-content-justification-center is-layout-flex wp-container-core-buttons-layout-1 wp-block-buttons-is-layout-flex\">\n<div class=\"wp-block-button is-style-outline\"><a class=\"wp-block-button__link has-white-color has-vivid-red-background-color has-text-color has-background has-link-color wp-element-button\" href=\"https:\/\/www.masdanza.com\/english\/wp-content\/uploads\/2025\/09\/09-MASDANZA-AGUIMES-1.pdf\" style=\"border-radius:0px\" target=\"_blank\" rel=\"noreferrer noopener\">PROGRAMME<\/a><\/div>\n<\/div>\n","protected":false},"excerpt":{"rendered":"<p>MASDANZA AG\u00daIMES 2025 PROGRAMME WEDNESDAY OCT 15 &#8211; POUR LADY OF ROSARIO SQUARE, AG\u00dcIMES &#8211; 20,00 h A RA\u00cdZ DE (15\u2019) O Porri\u00f1o, Pontevedra (Galicia), Spain Created &amp; Performed by: Daniel Rodr\u00edguez Music: Aida Tarr\u00edo \u201cDespedidas\u201d, Crnds \u201cAlal\u00e1 de Seitura\u201d, Baiuca \u201cDia\u00f1o\u201d \u00abThe body, that instrument capable of bringing to life today the stories of [&hellip;]<\/p>\n","protected":false},"author":1,"featured_media":6693,"parent":0,"menu_order":0,"template":"","meta":{"_genesis_hide_title":false,"_genesis_hide_breadcrumbs":false,"_genesis_hide_singular_image":false,"_genesis_hide_footer_widgets":false,"_genesis_custom_body_class":"","_genesis_custom_post_class":"","_genesis_layout":""},"portfolio-type":[],"_links":{"self":[{"href":"https:\/\/www.masdanza.com\/english\/wp-json\/wp\/v2\/portfolio\/6692"}],"collection":[{"href":"https:\/\/www.masdanza.com\/english\/wp-json\/wp\/v2\/portfolio"}],"about":[{"href":"https:\/\/www.masdanza.com\/english\/wp-json\/wp\/v2\/types\/portfolio"}],"author":[{"embeddable":true,"href":"https:\/\/www.masdanza.com\/english\/wp-json\/wp\/v2\/users\/1"}],"version-history":[{"count":6,"href":"https:\/\/www.masdanza.com\/english\/wp-json\/wp\/v2\/portfolio\/6692\/revisions"}],"predecessor-version":[{"id":6891,"href":"https:\/\/www.masdanza.com\/english\/wp-json\/wp\/v2\/portfolio\/6692\/revisions\/6891"}],"wp:featuredmedia":[{"embeddable":true,"href":"https:\/\/www.masdanza.com\/english\/wp-json\/wp\/v2\/media\/6693"}],"wp:attachment":[{"href":"https:\/\/www.masdanza.com\/english\/wp-json\/wp\/v2\/media?parent=6692"}],"wp:term":[{"taxonomy":"portfolio-type","embeddable":true,"href":"https:\/\/www.masdanza.com\/english\/wp-json\/wp\/v2\/portfolio-type?post=6692"}],"curies":[{"name":"wp","href":"https:\/\/api.w.org\/{rel}","templated":true}]}}

MASDANZA AGÜIMES

<hr />
<h3 style="text-align: center;">MASDANZA AGÚIMES 2025 PROGRAMME</h3>
<hr />
<p style="text-align: center;"><strong>WEDNESDAY OCT 15 &#8211; POUR LADY OF ROSARIO SQUARE, AGÜIMES &#8211; 20,00 h</strong></p>
<p><img loading="lazy" decoding="async" class="alignnone wp-image-6732 size-full" src="https://www.masdanza.com/english/wp-content/uploads/2025/09/1-A-RAIZ-DE_Daniel-Rodriguez-Cia-2_Foto-Pablo-Vargas-scaled.jpg" alt="" width="2560" height="1707" srcset="https://www.masdanza.com/english/wp-content/uploads/2025/09/1-A-RAIZ-DE_Daniel-Rodriguez-Cia-2_Foto-Pablo-Vargas-scaled.jpg 2560w, https://www.masdanza.com/english/wp-content/uploads/2025/09/1-A-RAIZ-DE_Daniel-Rodriguez-Cia-2_Foto-Pablo-Vargas-300x200.jpg 300w, https://www.masdanza.com/english/wp-content/uploads/2025/09/1-A-RAIZ-DE_Daniel-Rodriguez-Cia-2_Foto-Pablo-Vargas-1024x683.jpg 1024w, https://www.masdanza.com/english/wp-content/uploads/2025/09/1-A-RAIZ-DE_Daniel-Rodriguez-Cia-2_Foto-Pablo-Vargas-768x512.jpg 768w, https://www.masdanza.com/english/wp-content/uploads/2025/09/1-A-RAIZ-DE_Daniel-Rodriguez-Cia-2_Foto-Pablo-Vargas-1536x1024.jpg 1536w, https://www.masdanza.com/english/wp-content/uploads/2025/09/1-A-RAIZ-DE_Daniel-Rodriguez-Cia-2_Foto-Pablo-Vargas-2048x1365.jpg 2048w, https://www.masdanza.com/english/wp-content/uploads/2025/09/1-A-RAIZ-DE_Daniel-Rodriguez-Cia-2_Foto-Pablo-Vargas-200x133.jpg 200w" sizes="(max-width: 2560px) 100vw, 2560px" /></p>
<p><strong>A RAÍZ DE (15’) </strong></p>
<p>O Porriño, Pontevedra (Galicia), Spain<br />
<strong>Created &amp; Performed by:</strong> Daniel Rodríguez<br />
<strong>Music:</strong> Aida Tarrío “Despedidas”, Crnds “Alalá de Seitura”, Baiuca “Diaño”</p>
<p style="text-align: justify;">«The body, that instrument capable of bringing to life today the stories of yesterday, and of allowing tradition and contemporaneity to engage in dialogue within a single being where past and present coexist, to build a discourse for the future.» Raíz is born from Galician tradition—through song, music, and traditional dance—and the search for its dialogue with contemporary dance. This piece achieves a symbiosis between these two languages and their contexts, bringing the past closer to the present, and tradition closer to today’s audiences, fostering a deeper connection between them and both contemporary dance and dance from the root”.</p>
<hr />
<p><img loading="lazy" decoding="async" class="alignnone wp-image-6734 size-full" src="https://www.masdanza.com/english/wp-content/uploads/2025/09/2-TODO-ESE-RUIDO_-Qabalum-Barbara-Fernandez-3-scaled.jpg" alt="" width="2560" height="1710" srcset="https://www.masdanza.com/english/wp-content/uploads/2025/09/2-TODO-ESE-RUIDO_-Qabalum-Barbara-Fernandez-3-scaled.jpg 2560w, https://www.masdanza.com/english/wp-content/uploads/2025/09/2-TODO-ESE-RUIDO_-Qabalum-Barbara-Fernandez-3-300x200.jpg 300w, https://www.masdanza.com/english/wp-content/uploads/2025/09/2-TODO-ESE-RUIDO_-Qabalum-Barbara-Fernandez-3-1024x684.jpg 1024w, https://www.masdanza.com/english/wp-content/uploads/2025/09/2-TODO-ESE-RUIDO_-Qabalum-Barbara-Fernandez-3-768x513.jpg 768w, https://www.masdanza.com/english/wp-content/uploads/2025/09/2-TODO-ESE-RUIDO_-Qabalum-Barbara-Fernandez-3-1536x1026.jpg 1536w, https://www.masdanza.com/english/wp-content/uploads/2025/09/2-TODO-ESE-RUIDO_-Qabalum-Barbara-Fernandez-3-2048x1368.jpg 2048w, https://www.masdanza.com/english/wp-content/uploads/2025/09/2-TODO-ESE-RUIDO_-Qabalum-Barbara-Fernandez-3-200x134.jpg 200w" sizes="(max-width: 2560px) 100vw, 2560px" /></p>
<p><strong>TODO ESE RUIDO (23’) </strong></p>
<p>Pamplona (Navarre), Spain<br />
<strong>Created by:</strong> Diego Pazó &amp; Lucía Burguete [QABALUM]<br />
<strong>Performed by:</strong> Diego Pazó, Lucía Burguete &amp; Joan Cano<br />
<strong>Music:</strong> Alessandro Cortini “Spettro IV”<br />
<strong>With the support of:</strong> Centro de Danza de Zaragoza, Festival Pies Para Qué Los Quiero, Festival Cuerpo Romo, Sortutakoak – Dantzagunea, DNA 2024 – Gobierno de Navarra, Dantzalabea – Teatro Barakaldo, Universidad San Jorge, Harrobi Gaztelekua &amp; CRJ Baragazte</p>
<p style="text-align: justify;">«Perhaps all lives are interwoven because nature is an incomprehensible, chaotic, and absolute code whose only mutability lies in error. And perhaps we inhabit a mathematical ecosystem, and this body is a kind of avatar, and our genome an algorithm. And my atoms and yours, like pixels in an image, are not truly ours, and one day they will separate to give rise to other images, to other stories. And you and I, who have come from so far away, who have crossed the cosmos only to end up right here, will dissolve, little by little, into the eternity of which we are already a part. Todo Ese Ruido is a dance piece for two bodies and a drone, born from a fascination with the imagery of sci-fi, the powerful fragmentary and photographic storytelling of comics, the world of CGI and special effects, but also with myths about the creation of the world, Genesis, and the oldest philosophical intuitions — that elusive something humanity has always wondered about. It is inspired, in general, by the images from our history that speak of origin, of how we got here, and of what is to come. It is a danced poem that sketches a possible future, a hymn to the light that travels through time to give us form».</p>
<hr />
<p><img loading="lazy" decoding="async" class="alignnone wp-image-6735 size-full" src="https://www.masdanza.com/english/wp-content/uploads/2025/09/3GG9A0838-elegida-scaled.jpg" alt="" width="2560" height="1707" srcset="https://www.masdanza.com/english/wp-content/uploads/2025/09/3GG9A0838-elegida-scaled.jpg 2560w, https://www.masdanza.com/english/wp-content/uploads/2025/09/3GG9A0838-elegida-300x200.jpg 300w, https://www.masdanza.com/english/wp-content/uploads/2025/09/3GG9A0838-elegida-1024x683.jpg 1024w, https://www.masdanza.com/english/wp-content/uploads/2025/09/3GG9A0838-elegida-768x512.jpg 768w, https://www.masdanza.com/english/wp-content/uploads/2025/09/3GG9A0838-elegida-1536x1024.jpg 1536w, https://www.masdanza.com/english/wp-content/uploads/2025/09/3GG9A0838-elegida-2048x1365.jpg 2048w, https://www.masdanza.com/english/wp-content/uploads/2025/09/3GG9A0838-elegida-200x133.jpg 200w" sizes="(max-width: 2560px) 100vw, 2560px" /></p>
<p style="text-align: justify;"><strong>RHYTHM (22&#8242;) </strong></p>
<p style="text-align: justify;">Vilches, Jaen (Andalusia), Spain<br />
<strong>Created by:</strong> Mario Bermúdez Gil [MARCAT DANCE]<br />
<strong>Performed by:</strong> Alessia Sinato &amp; Marilisa Gallicchio<br />
<strong>Music:</strong> Skew Mask “Vli”, Michael Wall “Two Adrift”, Christophe Zurfluh “Circular Translation”<br />
<strong>With the support of:</strong> Junta de Andalucía, INAEM</p>
<p style="text-align: justify;">«Rhythm is a choreographic work that transcends mere physical representation to evoke a profound exploration of the relationship between space, movement, pattern, and synchronization between the two performers on stage. Through a visual and kinetic narrative, the choreography seeks to capture the essence of human existence, where rhythms and dynamics intertwine as a living metaphor for life itself. The piece unfolds like a tapestry of movement and stillness, where acceleration and deceleration alternate in a constant dialogue between the performers. Harmony and discord intersect, creating a dynamic balance that reflects the complexity of human relationships. Synchronization and desynchronization become a bodily language that expresses both connection and disconnection between the two performers, while space becomes a living element that envelops and separates them. The choreography aims to create a universe where rhythm and dynamics become a form of communication that transcends words. Through this work, the audience is invited to reflect on the nature of rhythm and its influence on our lives and relationships, and to experience the beauty and complexity of human existence through movement and dance».</p>
<hr />
<p><img loading="lazy" decoding="async" class="alignnone wp-image-6736 size-full" src="https://www.masdanza.com/english/wp-content/uploads/2025/09/4-Colectivo-Banquet-3._Gorka-Bravo_@gorkabravophotographyJPG-scaled.jpg" alt="" width="2560" height="1706" srcset="https://www.masdanza.com/english/wp-content/uploads/2025/09/4-Colectivo-Banquet-3._Gorka-Bravo_@gorkabravophotographyJPG-scaled.jpg 2560w, https://www.masdanza.com/english/wp-content/uploads/2025/09/4-Colectivo-Banquet-3._Gorka-Bravo_@gorkabravophotographyJPG-300x200.jpg 300w, https://www.masdanza.com/english/wp-content/uploads/2025/09/4-Colectivo-Banquet-3._Gorka-Bravo_@gorkabravophotographyJPG-1024x683.jpg 1024w, https://www.masdanza.com/english/wp-content/uploads/2025/09/4-Colectivo-Banquet-3._Gorka-Bravo_@gorkabravophotographyJPG-768x512.jpg 768w, https://www.masdanza.com/english/wp-content/uploads/2025/09/4-Colectivo-Banquet-3._Gorka-Bravo_@gorkabravophotographyJPG-1536x1024.jpg 1536w, https://www.masdanza.com/english/wp-content/uploads/2025/09/4-Colectivo-Banquet-3._Gorka-Bravo_@gorkabravophotographyJPG-2048x1365.jpg 2048w, https://www.masdanza.com/english/wp-content/uploads/2025/09/4-Colectivo-Banquet-3._Gorka-Bravo_@gorkabravophotographyJPG-200x133.jpg 200w" sizes="(max-width: 2560px) 100vw, 2560px" /></p>
<p><strong>SEU AQUÍ (17’) </strong></p>
<p>Madrid, Spain<br />
<strong>Created &amp; Performed by:</strong> Laura García, Ana F. Melero, Daniel Rodríguez &amp; Javier De La Asunción [COLECTIVO BANQUET]<br />
<strong>Music:</strong> Xique-Xique «Río negro», Mauricio Pérez «Seu Aqui»,<br />
<strong>With the support of:</strong> Centro Coreográfico Maria Pagés, La Nave del Duende &amp; Centro Cultural Eduardo Úrculo.</p>
<p style="text-align: justify;">«Seu Aquí invites you to sit and observe as four moving bodies reflect a society in constant growth and transformation. Through the poetics of movement, these performers explore themes such as encounter, discipline, manipulation, and the vital struggle for space, revealing the challenge of finding cooperation in coexistence in order to build a possible community. With humor and a touch of absurdity, these bodies address deep and current issues of our generation, creating a visual dialogue between the individual and the collective, the everyday and the extraordinary».</p>
<hr />
<p style="text-align: justify;">


<div class="wp-block-buttons is-content-justification-center is-layout-flex wp-container-core-buttons-layout-1 wp-block-buttons-is-layout-flex">
<div class="wp-block-button is-style-outline"><a class="wp-block-button__link has-white-color has-vivid-red-background-color has-text-color has-background has-link-color wp-element-button" href="https://www.masdanza.com/english/wp-content/uploads/2025/09/09-MASDANZA-AGUIMES-1.pdf" style="border-radius:0px" target="_blank" rel="noreferrer noopener">PROGRAMME</a></div>
</div>

<p>MASDANZA AGÚIMES 2025 PROGRAMME WEDNESDAY OCT 15 &#8211; POUR LADY OF ROSARIO SQUARE, AGÜIMES &#8211; 20,00 h A RAÍZ DE (15’) O Porriño, Pontevedra (Galicia), Spain Created &amp; Performed by: Daniel Rodríguez Music: Aida Tarrío “Despedidas”, Crnds “Alalá de Seitura”, Baiuca “Diaño” «The body, that instrument capable of bringing to life today the stories of [&hellip;]</p>
