{"id":3728,"date":"2025-09-01T05:00:00","date_gmt":"2025-09-01T03:00:00","guid":{"rendered":"https:\/\/www.masdanza.com\/english\/?post_type=portfolio&#038;p=3728"},"modified":"2025-09-22T19:56:41","modified_gmt":"2025-09-22T17:56:41","slug":"masdanza-canarias","status":"publish","type":"portfolio","link":"https:\/\/www.masdanza.com\/english\/portfolio\/masdanza-canarias\/","title":{"rendered":"MASDANZA CANARIAS"},"content":{"rendered":"<p style=\"text-align: justify;\">The <strong>MASDANZA CANARIAS<\/strong> programme arises from the need to accompany and promote creators and artists from the Canary Islands. They are given a space in the context of the Festival with the aim of showing to the public pieces created and\/or performed by Canarian artists, consequently contributing to their national and international projection and favoring the creation of a Canarian artistic community.<\/p>\n<hr \/>\n<h3 style=\"text-align: center;\">MASDANZA CANARIAS PROGRAMME 2025<\/h3>\n<hr \/>\n<p style=\"text-align: center;\"><strong>FRIDAY OCT 03 &#8211; GUINIGUADA THEATRE &#8211; 20,00 h<\/strong><\/p>\n<p><img loading=\"lazy\" decoding=\"async\" class=\"alignnone wp-image-6750 size-full\" src=\"https:\/\/www.masdanza.com\/english\/wp-content\/uploads\/2024\/06\/1-POWER-NAP-por-Yaiza-Mederos-7-2.jpg\" alt=\"\" width=\"2000\" height=\"1335\" srcset=\"https:\/\/www.masdanza.com\/english\/wp-content\/uploads\/2024\/06\/1-POWER-NAP-por-Yaiza-Mederos-7-2.jpg 2000w, https:\/\/www.masdanza.com\/english\/wp-content\/uploads\/2024\/06\/1-POWER-NAP-por-Yaiza-Mederos-7-2-300x200.jpg 300w, https:\/\/www.masdanza.com\/english\/wp-content\/uploads\/2024\/06\/1-POWER-NAP-por-Yaiza-Mederos-7-2-1024x684.jpg 1024w, https:\/\/www.masdanza.com\/english\/wp-content\/uploads\/2024\/06\/1-POWER-NAP-por-Yaiza-Mederos-7-2-768x513.jpg 768w, https:\/\/www.masdanza.com\/english\/wp-content\/uploads\/2024\/06\/1-POWER-NAP-por-Yaiza-Mederos-7-2-1536x1025.jpg 1536w, https:\/\/www.masdanza.com\/english\/wp-content\/uploads\/2024\/06\/1-POWER-NAP-por-Yaiza-Mederos-7-2-200x134.jpg 200w\" sizes=\"(max-width: 2000px) 100vw, 2000px\" \/><\/p>\n<p><strong>POWER NAP (15\u2019) <\/strong><\/p>\n<p>Telde (Gran Canaria, Canary Islands), Spain<\/p>\n<p><strong>Created &amp; Performed by:<\/strong> Andrea P\u00e9rez Bueno<\/p>\n<p><span style=\"font-weight: 400;\"><strong>Artistic Direction Assistant:<\/strong> Marta S\u00e1nchez<\/span><\/p>\n<p><strong>Music:<\/strong> Luis Pardo \u201cPower Nap\u201d<\/p>\n<p><span style=\"font-weight: 400;\">\u201cIn the atmosphere of a dystopian future, a young woman (like so many inhabitants of her world) lives trapped in a current of productivity and dehumanised ambition. Her capacity to love has been taken away from her. Exhausted, she abandons herself to what she hopes will be a restful sleep. But what envelops her is something deeper: a dream of love. A dream that reveals a longing for connection, a rest that turns into a caress. The piece thus explores the current paradigm of generations submerged in the demands of an overproductive and technological world, which leaves an almost sterile emotional terrain for bonds where one can feel vulnerable (and thus truly rested). \u2018Power Nap\u2019 revisits the concept of self-care, not only as an individual gesture, but as a way of loving and being loved. In contrast to the extreme individualism proposed by capitalism, here shared vulnerability is revealed as a space of strength: in authentic bonds, we let our guard down, and in that surrender we find true rest. It is a sweet nap that revitalises the hope of spirits that, originally tender, were hardened and drained by the promise of success and the illusion of a world without pain\u201d.<\/span><\/p>\n<hr \/>\n<p><img loading=\"lazy\" decoding=\"async\" class=\"alignnone wp-image-6751 size-full\" src=\"https:\/\/www.masdanza.com\/english\/wp-content\/uploads\/2024\/06\/2-ERIZO-por-Joaquin-Ponce-de-Leon-2.jpg\" alt=\"\" width=\"1920\" height=\"1079\" srcset=\"https:\/\/www.masdanza.com\/english\/wp-content\/uploads\/2024\/06\/2-ERIZO-por-Joaquin-Ponce-de-Leon-2.jpg 1920w, https:\/\/www.masdanza.com\/english\/wp-content\/uploads\/2024\/06\/2-ERIZO-por-Joaquin-Ponce-de-Leon-2-300x169.jpg 300w, https:\/\/www.masdanza.com\/english\/wp-content\/uploads\/2024\/06\/2-ERIZO-por-Joaquin-Ponce-de-Leon-2-1024x575.jpg 1024w, https:\/\/www.masdanza.com\/english\/wp-content\/uploads\/2024\/06\/2-ERIZO-por-Joaquin-Ponce-de-Leon-2-768x432.jpg 768w, https:\/\/www.masdanza.com\/english\/wp-content\/uploads\/2024\/06\/2-ERIZO-por-Joaquin-Ponce-de-Leon-2-1536x863.jpg 1536w, https:\/\/www.masdanza.com\/english\/wp-content\/uploads\/2024\/06\/2-ERIZO-por-Joaquin-Ponce-de-Leon-2-1280x720.jpg 1280w, https:\/\/www.masdanza.com\/english\/wp-content\/uploads\/2024\/06\/2-ERIZO-por-Joaquin-Ponce-de-Leon-2-200x112.jpg 200w\" sizes=\"(max-width: 1920px) 100vw, 1920px\" \/><\/p>\n<p><strong>ERIZO (13\u2019) &#8211; <\/strong>Ingenio (Gran Canaria, Canary Islands), Spain<\/p>\n<p>Abi\u00e1n Hern\u00e1ndez Herrera<\/p>\n<p><strong>Music:<\/strong> Alva Noto \u201cOval Blackhole \/ Sync Inter\u201d, \u00c1ngeles Negros \u201cComo Quisiera Decirte\u201d<\/p>\n<p style=\"text-align: justify;\">\u201cIt represents the rupture of the idea of the whole, carried out by a character who punctures and intervenes in the scene with fragility and weakness within the preambles and development of all kinds of relationships. Its movement, focused on the pendulum of our needs and those we share, is that human longing for the emotional. Boundaries are agreed and placed like spikes to be forged, highlighting strength in opening up weakness, as a weapon of love for our inner slug\u201d.<\/p>\n<hr \/>\n<p><img loading=\"lazy\" decoding=\"async\" class=\"alignnone wp-image-6752 size-full\" src=\"https:\/\/www.masdanza.com\/english\/wp-content\/uploads\/2024\/06\/Sara-Lo\u2560upez-del-Pino_.png\" alt=\"\" width=\"649\" height=\"788\" srcset=\"https:\/\/www.masdanza.com\/english\/wp-content\/uploads\/2024\/06\/Sara-Lo\u2560upez-del-Pino_.png 649w, https:\/\/www.masdanza.com\/english\/wp-content\/uploads\/2024\/06\/Sara-Lo\u2560upez-del-Pino_-247x300.png 247w, https:\/\/www.masdanza.com\/english\/wp-content\/uploads\/2024\/06\/Sara-Lo\u2560upez-del-Pino_-165x200.png 165w\" sizes=\"(max-width: 649px) 100vw, 649px\" \/><\/p>\n<p><strong>PERSEPHONE (15\u2019) <\/strong><\/p>\n<p>Gran Canaria &#8211; Madrid, Spain<\/p>\n<p><strong>Created &amp; Performed by:<\/strong> Sara L\u00f3pez del Pino<\/p>\n<p><strong>Original Music:<\/strong> Sergio Salvi \u201cRetroinventiva\u201d<\/p>\n<p>\u201cThe drive to be finds its home in the first love, the mother.<br \/>\u00a0No shadow can conceal the story of life.<br \/>\u00a0The seed knows that each ear of wheat carries winter within it.<br \/>\u00a0Half a life in light, half a life in the abyss. Avernus.<\/p>\n<p>It descends, it breaks, and yet, it breathes and transmutes.Dual woman, that is you, Persephone\u00bb.<\/p>\n<hr \/>\n<p><img loading=\"lazy\" decoding=\"async\" class=\"alignnone wp-image-6753 size-full\" src=\"https:\/\/www.masdanza.com\/english\/wp-content\/uploads\/2024\/06\/4-SELVA_00_02_04_07.Still041-Recovered-2.jpg\" alt=\"\" width=\"1920\" height=\"1080\" srcset=\"https:\/\/www.masdanza.com\/english\/wp-content\/uploads\/2024\/06\/4-SELVA_00_02_04_07.Still041-Recovered-2.jpg 1920w, https:\/\/www.masdanza.com\/english\/wp-content\/uploads\/2024\/06\/4-SELVA_00_02_04_07.Still041-Recovered-2-300x169.jpg 300w, https:\/\/www.masdanza.com\/english\/wp-content\/uploads\/2024\/06\/4-SELVA_00_02_04_07.Still041-Recovered-2-1024x576.jpg 1024w, https:\/\/www.masdanza.com\/english\/wp-content\/uploads\/2024\/06\/4-SELVA_00_02_04_07.Still041-Recovered-2-768x432.jpg 768w, https:\/\/www.masdanza.com\/english\/wp-content\/uploads\/2024\/06\/4-SELVA_00_02_04_07.Still041-Recovered-2-1536x864.jpg 1536w, https:\/\/www.masdanza.com\/english\/wp-content\/uploads\/2024\/06\/4-SELVA_00_02_04_07.Still041-Recovered-2-1280x720.jpg 1280w, https:\/\/www.masdanza.com\/english\/wp-content\/uploads\/2024\/06\/4-SELVA_00_02_04_07.Still041-Recovered-2-200x113.jpg 200w\" sizes=\"(max-width: 1920px) 100vw, 1920px\" \/><\/p>\n<p><strong>SELVA (23\u2019) <\/strong><\/p>\n<p>Santa Cruz de Tenerife &#8211; Madrid, Spain<\/p>\n<p><strong>Created by:<\/strong> Daniel Abreu [COMPA\u00d1\u00cdA DANIEL ABREU]<\/p>\n<p><strong>Performed by:<\/strong> Diego Pazo, D\u00e1cil Gonz\u00e1lez &amp; Daniel Abreu<\/p>\n<p><strong>Music:<\/strong> Wolfgang Vogt \u00abK\u00f6nigsforst1\u00bb, Travis Lake \u00abSolivagant\u00bb, \u00a0Robin Rimbaud \u00abMy dreams are about today and tomorrow\u00bb<\/p>\n<p><strong>Distribution:<\/strong> Elena Santonja<\/p>\n<p>With the collaboration of: Centro Coreogr\u00e1fico Canal, Provisional Danza, Centro Cultural Villa de M\u00f3stoles, \u00c1ngel Rojas &amp; Centro Coreogr\u00e1fico Mar\u00eda Pag\u00e9s<\/p>\n<p style=\"text-align: justify;\">\u201cThis work, created for unconventional spaces, is inspired by the play of relationships to create a very visual landscape of movement. To tell ourselves as options of a vast ecosystem and the many ways of looking that inhabit us from a choreographic perspective. It is presented with dancing characters who intertwine and observe from the demand to be something or someone at every moment. Three performers who cross limbs and torsos for the pleasure of dancing and the obviousness of differences, both within themselves and in relation to others.<\/p>\n<p style=\"text-align: justify;\">\u2018<em>It is outside the cities where nature, geography, and climate possess their greatest strength, their highest capacity for impact, which sets the horizons. Inside cities, as if we were in a tower without views, there are no horizons (\u2026). The direction of the jungle is fertile, polytheistic, mortal. The direction of the deserts is severe, with an unalterable line\u2026\u2019<\/em> \u2013 John Berger\u201d.<\/p>\n<hr \/>\n\n\n<div class=\"wp-block-buttons is-content-justification-center is-layout-flex wp-container-core-buttons-layout-1 wp-block-buttons-is-layout-flex\">\n<div class=\"wp-block-button is-style-outline\"><a class=\"wp-block-button__link has-white-color has-vivid-red-background-color has-text-color has-background has-link-color wp-element-button\" href=\"https:\/\/www.masdanza.com\/english\/wp-content\/uploads\/2025\/09\/03-MASDANZA-CANARIAS.pdf\" style=\"border-radius:0px\" target=\"_blank\" rel=\"noreferrer noopener\">PROGRAMME<\/a><\/div>\n<\/div>\n","protected":false},"excerpt":{"rendered":"<p>The MASDANZA CANARIAS programme arises from the need to accompany and promote creators and artists from the Canary Islands. They are given a space in the context of the Festival with the aim of showing to the public pieces created and\/or performed by Canarian artists, consequently contributing to their national and international projection and favoring [&hellip;]<\/p>\n","protected":false},"author":1,"featured_media":6700,"parent":0,"menu_order":0,"template":"","meta":{"_genesis_hide_title":false,"_genesis_hide_breadcrumbs":false,"_genesis_hide_singular_image":false,"_genesis_hide_footer_widgets":false,"_genesis_custom_body_class":"","_genesis_custom_post_class":"","_genesis_layout":""},"portfolio-type":[],"_links":{"self":[{"href":"https:\/\/www.masdanza.com\/english\/wp-json\/wp\/v2\/portfolio\/3728"}],"collection":[{"href":"https:\/\/www.masdanza.com\/english\/wp-json\/wp\/v2\/portfolio"}],"about":[{"href":"https:\/\/www.masdanza.com\/english\/wp-json\/wp\/v2\/types\/portfolio"}],"author":[{"embeddable":true,"href":"https:\/\/www.masdanza.com\/english\/wp-json\/wp\/v2\/users\/1"}],"version-history":[{"count":50,"href":"https:\/\/www.masdanza.com\/english\/wp-json\/wp\/v2\/portfolio\/3728\/revisions"}],"predecessor-version":[{"id":6878,"href":"https:\/\/www.masdanza.com\/english\/wp-json\/wp\/v2\/portfolio\/3728\/revisions\/6878"}],"wp:featuredmedia":[{"embeddable":true,"href":"https:\/\/www.masdanza.com\/english\/wp-json\/wp\/v2\/media\/6700"}],"wp:attachment":[{"href":"https:\/\/www.masdanza.com\/english\/wp-json\/wp\/v2\/media?parent=3728"}],"wp:term":[{"taxonomy":"portfolio-type","embeddable":true,"href":"https:\/\/www.masdanza.com\/english\/wp-json\/wp\/v2\/portfolio-type?post=3728"}],"curies":[{"name":"wp","href":"https:\/\/api.w.org\/{rel}","templated":true}]}}

<p style="text-align: justify;">The <strong>MASDANZA CANARIAS</strong> programme arises from the need to accompany and promote creators and artists from the Canary Islands. They are given a space in the context of the Festival with the aim of showing to the public pieces created and/or performed by Canarian artists, consequently contributing to their national and international projection and favoring the creation of a Canarian artistic community.</p>
<hr />
<h3 style="text-align: center;">MASDANZA CANARIAS PROGRAMME 2025</h3>
<hr />
<p style="text-align: center;"><strong>FRIDAY OCT 03 &#8211; GUINIGUADA THEATRE &#8211; 20,00 h</strong></p>
<p><img loading="lazy" decoding="async" class="alignnone wp-image-6750 size-full" src="https://www.masdanza.com/english/wp-content/uploads/2024/06/1-POWER-NAP-por-Yaiza-Mederos-7-2.jpg" alt="" width="2000" height="1335" srcset="https://www.masdanza.com/english/wp-content/uploads/2024/06/1-POWER-NAP-por-Yaiza-Mederos-7-2.jpg 2000w, https://www.masdanza.com/english/wp-content/uploads/2024/06/1-POWER-NAP-por-Yaiza-Mederos-7-2-300x200.jpg 300w, https://www.masdanza.com/english/wp-content/uploads/2024/06/1-POWER-NAP-por-Yaiza-Mederos-7-2-1024x684.jpg 1024w, https://www.masdanza.com/english/wp-content/uploads/2024/06/1-POWER-NAP-por-Yaiza-Mederos-7-2-768x513.jpg 768w, https://www.masdanza.com/english/wp-content/uploads/2024/06/1-POWER-NAP-por-Yaiza-Mederos-7-2-1536x1025.jpg 1536w, https://www.masdanza.com/english/wp-content/uploads/2024/06/1-POWER-NAP-por-Yaiza-Mederos-7-2-200x134.jpg 200w" sizes="(max-width: 2000px) 100vw, 2000px" /></p>
<p><strong>POWER NAP (15’) </strong></p>
<p>Telde (Gran Canaria, Canary Islands), Spain</p>
<p><strong>Created &amp; Performed by:</strong> Andrea Pérez Bueno</p>
<p><span style="font-weight: 400;"><strong>Artistic Direction Assistant:</strong> Marta Sánchez</span></p>
<p><strong>Music:</strong> Luis Pardo “Power Nap”</p>
<p><span style="font-weight: 400;">“In the atmosphere of a dystopian future, a young woman (like so many inhabitants of her world) lives trapped in a current of productivity and dehumanised ambition. Her capacity to love has been taken away from her. Exhausted, she abandons herself to what she hopes will be a restful sleep. But what envelops her is something deeper: a dream of love. A dream that reveals a longing for connection, a rest that turns into a caress. The piece thus explores the current paradigm of generations submerged in the demands of an overproductive and technological world, which leaves an almost sterile emotional terrain for bonds where one can feel vulnerable (and thus truly rested). ‘Power Nap’ revisits the concept of self-care, not only as an individual gesture, but as a way of loving and being loved. In contrast to the extreme individualism proposed by capitalism, here shared vulnerability is revealed as a space of strength: in authentic bonds, we let our guard down, and in that surrender we find true rest. It is a sweet nap that revitalises the hope of spirits that, originally tender, were hardened and drained by the promise of success and the illusion of a world without pain”.</span></p>
<hr />
<p><img loading="lazy" decoding="async" class="alignnone wp-image-6751 size-full" src="https://www.masdanza.com/english/wp-content/uploads/2024/06/2-ERIZO-por-Joaquin-Ponce-de-Leon-2.jpg" alt="" width="1920" height="1079" srcset="https://www.masdanza.com/english/wp-content/uploads/2024/06/2-ERIZO-por-Joaquin-Ponce-de-Leon-2.jpg 1920w, https://www.masdanza.com/english/wp-content/uploads/2024/06/2-ERIZO-por-Joaquin-Ponce-de-Leon-2-300x169.jpg 300w, https://www.masdanza.com/english/wp-content/uploads/2024/06/2-ERIZO-por-Joaquin-Ponce-de-Leon-2-1024x575.jpg 1024w, https://www.masdanza.com/english/wp-content/uploads/2024/06/2-ERIZO-por-Joaquin-Ponce-de-Leon-2-768x432.jpg 768w, https://www.masdanza.com/english/wp-content/uploads/2024/06/2-ERIZO-por-Joaquin-Ponce-de-Leon-2-1536x863.jpg 1536w, https://www.masdanza.com/english/wp-content/uploads/2024/06/2-ERIZO-por-Joaquin-Ponce-de-Leon-2-1280x720.jpg 1280w, https://www.masdanza.com/english/wp-content/uploads/2024/06/2-ERIZO-por-Joaquin-Ponce-de-Leon-2-200x112.jpg 200w" sizes="(max-width: 1920px) 100vw, 1920px" /></p>
<p><strong>ERIZO (13’) &#8211; </strong>Ingenio (Gran Canaria, Canary Islands), Spain</p>
<p>Abián Hernández Herrera</p>
<p><strong>Music:</strong> Alva Noto “Oval Blackhole / Sync Inter”, Ángeles Negros “Como Quisiera Decirte”</p>
<p style="text-align: justify;">“It represents the rupture of the idea of the whole, carried out by a character who punctures and intervenes in the scene with fragility and weakness within the preambles and development of all kinds of relationships. Its movement, focused on the pendulum of our needs and those we share, is that human longing for the emotional. Boundaries are agreed and placed like spikes to be forged, highlighting strength in opening up weakness, as a weapon of love for our inner slug”.</p>
<hr />
<p><img loading="lazy" decoding="async" class="alignnone wp-image-6752 size-full" src="https://www.masdanza.com/english/wp-content/uploads/2024/06/Sara-Lo╠upez-del-Pino_.png" alt="" width="649" height="788" srcset="https://www.masdanza.com/english/wp-content/uploads/2024/06/Sara-Lo╠upez-del-Pino_.png 649w, https://www.masdanza.com/english/wp-content/uploads/2024/06/Sara-Lo╠upez-del-Pino_-247x300.png 247w, https://www.masdanza.com/english/wp-content/uploads/2024/06/Sara-Lo╠upez-del-Pino_-165x200.png 165w" sizes="(max-width: 649px) 100vw, 649px" /></p>
<p><strong>PERSEPHONE (15’) </strong></p>
<p>Gran Canaria &#8211; Madrid, Spain</p>
<p><strong>Created &amp; Performed by:</strong> Sara López del Pino</p>
<p><strong>Original Music:</strong> Sergio Salvi “Retroinventiva”</p>
<p>“The drive to be finds its home in the first love, the mother.<br /> No shadow can conceal the story of life.<br /> The seed knows that each ear of wheat carries winter within it.<br /> Half a life in light, half a life in the abyss. Avernus.</p>
<p>It descends, it breaks, and yet, it breathes and transmutes.Dual woman, that is you, Persephone».</p>
<hr />
<p><img loading="lazy" decoding="async" class="alignnone wp-image-6753 size-full" src="https://www.masdanza.com/english/wp-content/uploads/2024/06/4-SELVA_00_02_04_07.Still041-Recovered-2.jpg" alt="" width="1920" height="1080" srcset="https://www.masdanza.com/english/wp-content/uploads/2024/06/4-SELVA_00_02_04_07.Still041-Recovered-2.jpg 1920w, https://www.masdanza.com/english/wp-content/uploads/2024/06/4-SELVA_00_02_04_07.Still041-Recovered-2-300x169.jpg 300w, https://www.masdanza.com/english/wp-content/uploads/2024/06/4-SELVA_00_02_04_07.Still041-Recovered-2-1024x576.jpg 1024w, https://www.masdanza.com/english/wp-content/uploads/2024/06/4-SELVA_00_02_04_07.Still041-Recovered-2-768x432.jpg 768w, https://www.masdanza.com/english/wp-content/uploads/2024/06/4-SELVA_00_02_04_07.Still041-Recovered-2-1536x864.jpg 1536w, https://www.masdanza.com/english/wp-content/uploads/2024/06/4-SELVA_00_02_04_07.Still041-Recovered-2-1280x720.jpg 1280w, https://www.masdanza.com/english/wp-content/uploads/2024/06/4-SELVA_00_02_04_07.Still041-Recovered-2-200x113.jpg 200w" sizes="(max-width: 1920px) 100vw, 1920px" /></p>
<p><strong>SELVA (23’) </strong></p>
<p>Santa Cruz de Tenerife &#8211; Madrid, Spain</p>
<p><strong>Created by:</strong> Daniel Abreu [COMPAÑÍA DANIEL ABREU]</p>
<p><strong>Performed by:</strong> Diego Pazo, Dácil González &amp; Daniel Abreu</p>
<p><strong>Music:</strong> Wolfgang Vogt «Königsforst1», Travis Lake «Solivagant»,  Robin Rimbaud «My dreams are about today and tomorrow»</p>
<p><strong>Distribution:</strong> Elena Santonja</p>
<p>With the collaboration of: Centro Coreográfico Canal, Provisional Danza, Centro Cultural Villa de Móstoles, Ángel Rojas &amp; Centro Coreográfico María Pagés</p>
<p style="text-align: justify;">“This work, created for unconventional spaces, is inspired by the play of relationships to create a very visual landscape of movement. To tell ourselves as options of a vast ecosystem and the many ways of looking that inhabit us from a choreographic perspective. It is presented with dancing characters who intertwine and observe from the demand to be something or someone at every moment. Three performers who cross limbs and torsos for the pleasure of dancing and the obviousness of differences, both within themselves and in relation to others.</p>
<p style="text-align: justify;">‘<em>It is outside the cities where nature, geography, and climate possess their greatest strength, their highest capacity for impact, which sets the horizons. Inside cities, as if we were in a tower without views, there are no horizons (…). The direction of the jungle is fertile, polytheistic, mortal. The direction of the deserts is severe, with an unalterable line…’</em> – John Berger”.</p>
<hr />


<div class="wp-block-buttons is-content-justification-center is-layout-flex wp-container-core-buttons-layout-1 wp-block-buttons-is-layout-flex">
<div class="wp-block-button is-style-outline"><a class="wp-block-button__link has-white-color has-vivid-red-background-color has-text-color has-background has-link-color wp-element-button" href="https://www.masdanza.com/english/wp-content/uploads/2025/09/03-MASDANZA-CANARIAS.pdf" style="border-radius:0px" target="_blank" rel="noreferrer noopener">PROGRAMME</a></div>
</div>
