{"id":1977,"date":"2019-03-08T18:56:57","date_gmt":"2019-03-08T17:56:57","guid":{"rendered":"http:\/\/www.masdanza.com\/english\/?page_id=1977"},"modified":"2019-04-03T17:54:40","modified_gmt":"2019-04-03T15:54:40","slug":"7masdanza","status":"publish","type":"page","link":"https:\/\/www.masdanza.com\/english\/7masdanza\/","title":{"rendered":"7MASDANZA"},"content":{"rendered":"\n<ul><li><strong>First Prize <\/strong><\/li><\/ul>\n\n\n\n<p><strong>79 PASOS<\/strong> (Barcelona, Spain) <\/p>\n\n\n\n<blockquote class=\"wp-block-quote\"><p><strong>Choreographers:<\/strong> Virginia Garc\u00eda, Jorge J\u00e1uregui, Dami\u00e1n Mu\u00f1oz <\/p><p><strong>Performers:<\/strong> Virginia Garc\u00eda, Jorge J\u00e1uregui, Dami\u00e1n Mu\u00f1oz<\/p><\/blockquote>\n\n\n\n<hr class=\"wp-block-separator\"\/>\n\n\n\n<ul><li><strong>Second Prize <\/strong><\/li><\/ul>\n\n\n\n<p><strong>SUE\u00d1O N\u00daMERO 7<\/strong> (Essen, Germany) <\/p>\n\n\n\n<blockquote class=\"wp-block-quote\"><p><strong>Choreographer:<\/strong> Ben Riepe.<\/p><p><strong>Performers:<\/strong> Nikolina Nikoleski, Fernanda Gusso, Lenka Bartunkova, Giannaurelio Scalas, C\u00e9sar A. Cuenca Torres, Fornier Ocampo<\/p><\/blockquote>\n\n\n\n<hr class=\"wp-block-separator\"\/>\n\n\n\n<ul><li><strong>Third Prize <\/strong><\/li><\/ul>\n\n\n\n<p><strong>LAKRIMOSA<\/strong> (Essen, Germany) <\/p>\n\n\n\n<blockquote class=\"wp-block-quote\"><p><strong>Choreographer:<\/strong> Andrea Catania <\/p><p><strong>Performers:<\/strong> Leyla Postalcioglu, Roberto Z\u00fa\u00f1iga, Ben Block, Antonio Stela<\/p><\/blockquote>\n","protected":false},"excerpt":{"rendered":"<p>First Prize 79 PASOS (Barcelona, Spain) Choreographers: Virginia Garc\u00eda, Jorge J\u00e1uregui, Dami\u00e1n Mu\u00f1oz Performers: Virginia Garc\u00eda, Jorge J\u00e1uregui, Dami\u00e1n Mu\u00f1oz Second Prize SUE\u00d1O N\u00daMERO 7 (Essen, Germany) Choreographer: Ben Riepe. Performers: Nikolina Nikoleski, Fernanda Gusso, Lenka Bartunkova, Giannaurelio Scalas, C\u00e9sar A. Cuenca Torres, Fornier Ocampo Third Prize LAKRIMOSA (Essen, Germany) Choreographer: Andrea Catania Performers: Leyla [&hellip;]<\/p>\n","protected":false},"author":1,"featured_media":2234,"parent":0,"menu_order":0,"comment_status":"closed","ping_status":"closed","template":"","meta":{"_genesis_hide_title":false,"_genesis_hide_breadcrumbs":false,"_genesis_hide_singular_image":false,"_genesis_hide_footer_widgets":false,"_genesis_custom_body_class":"","_genesis_custom_post_class":"","_genesis_layout":"","footnotes":""},"_links":{"self":[{"href":"https:\/\/www.masdanza.com\/english\/wp-json\/wp\/v2\/pages\/1977"}],"collection":[{"href":"https:\/\/www.masdanza.com\/english\/wp-json\/wp\/v2\/pages"}],"about":[{"href":"https:\/\/www.masdanza.com\/english\/wp-json\/wp\/v2\/types\/page"}],"author":[{"embeddable":true,"href":"https:\/\/www.masdanza.com\/english\/wp-json\/wp\/v2\/users\/1"}],"replies":[{"embeddable":true,"href":"https:\/\/www.masdanza.com\/english\/wp-json\/wp\/v2\/comments?post=1977"}],"version-history":[{"count":3,"href":"https:\/\/www.masdanza.com\/english\/wp-json\/wp\/v2\/pages\/1977\/revisions"}],"predecessor-version":[{"id":2270,"href":"https:\/\/www.masdanza.com\/english\/wp-json\/wp\/v2\/pages\/1977\/revisions\/2270"}],"wp:featuredmedia":[{"embeddable":true,"href":"https:\/\/www.masdanza.com\/english\/wp-json\/wp\/v2\/media\/2234"}],"wp:attachment":[{"href":"https:\/\/www.masdanza.com\/english\/wp-json\/wp\/v2\/media?parent=1977"}],"curies":[{"name":"wp","href":"https:\/\/api.w.org\/{rel}","templated":true}]}}