{"id":1971,"date":"2019-03-08T12:29:43","date_gmt":"2019-03-08T11:29:43","guid":{"rendered":"http:\/\/www.masdanza.com\/english\/?page_id=1971"},"modified":"2019-04-03T17:51:53","modified_gmt":"2019-04-03T15:51:53","slug":"v-maspalomas-choreography-contest","status":"publish","type":"page","link":"https:\/\/www.masdanza.com\/english\/v-maspalomas-choreography-contest\/","title":{"rendered":"V MASPALOMAS CHOREOGRAPHY CONTEST"},"content":{"rendered":"\n<ul><li><strong>First Prize <\/strong> <\/li><\/ul>\n\n\n\n<p><strong>DELIRIUM<\/strong> (Barcelona, Spain) <\/p>\n\n\n\n<blockquote class=\"wp-block-quote\"><p><strong>Choreographer:<\/strong> Jos\u00e9 \u00c1ngel Hevia <\/p><p><strong>Performers:<\/strong> Merce Cobos, Jos\u00e9 \u00c1ngel Hevia, Susana Pons, Sandra Sales.<\/p><p><\/p><\/blockquote>\n\n\n\n<hr class=\"wp-block-separator\"\/>\n\n\n\n<ul><li><strong>Second Prize <\/strong><\/li><\/ul>\n\n\n\n<p><strong>EL CEMENTO CRI\u00d3 HIERBA<\/strong> (Madrid, Spain) <\/p>\n\n\n\n<blockquote class=\"wp-block-quote\"><p><strong>Choreographer:<\/strong> Chevy Muraday <\/p><p><strong>Performers:<\/strong> Mercedes del Castillo, \u00c1ngel Zotes, Mar\u00eda Isabel Fuentes, Chevy Muraday.<\/p><\/blockquote>\n\n\n\n<hr class=\"wp-block-separator\"\/>\n\n\n\n<ul><li><strong>Third Prize <\/strong><\/li><\/ul>\n\n\n\n<p><strong>BESOS DE FORMICA Y OTROS USOS\u2026<\/strong> (Gran Canaria, Spain) <\/p>\n\n\n\n<blockquote class=\"wp-block-quote\"><p><strong>Choreographers:<\/strong> Bego\u00f1a Vega, F\u00e9lix Santana e Inma Marcos <\/p><p><strong>Performers:<\/strong> Bego\u00f1a Vega, F\u00e9lix Santana &amp; Inma Marcos.<\/p><\/blockquote>\n","protected":false},"excerpt":{"rendered":"<p>First Prize DELIRIUM (Barcelona, Spain) Choreographer: Jos\u00e9 \u00c1ngel Hevia Performers: Merce Cobos, Jos\u00e9 \u00c1ngel Hevia, Susana Pons, Sandra Sales. Second Prize EL CEMENTO CRI\u00d3 HIERBA (Madrid, Spain) Choreographer: Chevy Muraday Performers: Mercedes del Castillo, \u00c1ngel Zotes, Mar\u00eda Isabel Fuentes, Chevy Muraday. Third Prize BESOS DE FORMICA Y OTROS USOS\u2026 (Gran Canaria, Spain) Choreographers: Bego\u00f1a Vega, [&hellip;]<\/p>\n","protected":false},"author":1,"featured_media":2232,"parent":0,"menu_order":0,"comment_status":"closed","ping_status":"closed","template":"","meta":{"_genesis_hide_title":false,"_genesis_hide_breadcrumbs":false,"_genesis_hide_singular_image":false,"_genesis_hide_footer_widgets":false,"_genesis_custom_body_class":"","_genesis_custom_post_class":"","_genesis_layout":"","footnotes":""},"_links":{"self":[{"href":"https:\/\/www.masdanza.com\/english\/wp-json\/wp\/v2\/pages\/1971"}],"collection":[{"href":"https:\/\/www.masdanza.com\/english\/wp-json\/wp\/v2\/pages"}],"about":[{"href":"https:\/\/www.masdanza.com\/english\/wp-json\/wp\/v2\/types\/page"}],"author":[{"embeddable":true,"href":"https:\/\/www.masdanza.com\/english\/wp-json\/wp\/v2\/users\/1"}],"replies":[{"embeddable":true,"href":"https:\/\/www.masdanza.com\/english\/wp-json\/wp\/v2\/comments?post=1971"}],"version-history":[{"count":4,"href":"https:\/\/www.masdanza.com\/english\/wp-json\/wp\/v2\/pages\/1971\/revisions"}],"predecessor-version":[{"id":2268,"href":"https:\/\/www.masdanza.com\/english\/wp-json\/wp\/v2\/pages\/1971\/revisions\/2268"}],"wp:featuredmedia":[{"embeddable":true,"href":"https:\/\/www.masdanza.com\/english\/wp-json\/wp\/v2\/media\/2232"}],"wp:attachment":[{"href":"https:\/\/www.masdanza.com\/english\/wp-json\/wp\/v2\/media?parent=1971"}],"curies":[{"name":"wp","href":"https:\/\/api.w.org\/{rel}","templated":true}]}}