{"id":1969,"date":"2019-03-08T12:24:52","date_gmt":"2019-03-08T11:24:52","guid":{"rendered":"http:\/\/www.masdanza.com\/english\/?page_id=1969"},"modified":"2019-03-28T17:44:15","modified_gmt":"2019-03-28T16:44:15","slug":"iv-maspalomas-choreography-contest","status":"publish","type":"page","link":"https:\/\/www.masdanza.com\/english\/iv-maspalomas-choreography-contest\/","title":{"rendered":"IV MASPALOMAS CHOREOGRAPHY CONTEST"},"content":{"rendered":"\n<ul><li><strong>First Prize <\/strong><\/li><\/ul>\n\n\n\n<p><strong>TAMBI\u00c9N SOY DE AQU\u00cd<\/strong> (Seville, Spain) <\/p>\n\n\n\n<blockquote class=\"wp-block-quote\"><p><strong>Choreographer:<\/strong> Manuel Ca\u00f1adas Rom\u00e1n<\/p><p><strong>Performers:<\/strong> Inmaculada Jim\u00e9nez, Judith G\u00f3mez, Manuel Ca\u00f1adas, Maribel Pe\u00f1alver.<\/p><\/blockquote>\n\n\n\n<hr class=\"wp-block-separator\"\/>\n\n\n\n<ul><li><strong>Second Prize <\/strong><\/li><\/ul>\n\n\n\n<p><strong>SIN CASA, SIN MARIDO Y SIN MALETA<\/strong> (Madrid, Spain) <\/p>\n\n\n\n<blockquote class=\"wp-block-quote\"><p><strong>Choreographer:<\/strong> Jos\u00e9 Reches<\/p><p><strong>Performers:<\/strong> Inma Trujillo, Estefan\u00eda Varona, Vanessa Medina, Mag\u00fci Cos\u00edo, Raquel Rodr\u00edguez, Inma Rodriguez.<\/p><\/blockquote>\n\n\n\n<hr class=\"wp-block-separator\"\/>\n\n\n\n<ul><li><strong>Third Prize<\/strong> <\/li><\/ul>\n\n\n\n<p><strong>LL\u00c9VESE CUATRO Y PAGUE TRES<\/strong> (Gran Canaria, Spain) <\/p>\n\n\n\n<blockquote class=\"wp-block-quote\"><p><strong>Choreographer:<\/strong> Inma Trujillo <\/p><p><strong>Performers:<\/strong> Estefan\u00eda Varona, Mag\u00fci Cos\u00edo, Paula Bernedo, Beatriz Ru\u00edz<\/p><\/blockquote>\n","protected":false},"excerpt":{"rendered":"<p>First Prize TAMBI\u00c9N SOY DE AQU\u00cd (Seville, Spain) Choreographer: Manuel Ca\u00f1adas Rom\u00e1n Performers: Inmaculada Jim\u00e9nez, Judith G\u00f3mez, Manuel Ca\u00f1adas, Maribel Pe\u00f1alver. Second Prize SIN CASA, SIN MARIDO Y SIN MALETA (Madrid, Spain) Choreographer: Jos\u00e9 Reches Performers: Inma Trujillo, Estefan\u00eda Varona, Vanessa Medina, Mag\u00fci Cos\u00edo, Raquel Rodr\u00edguez, Inma Rodriguez. Third Prize LL\u00c9VESE CUATRO Y PAGUE TRES [&hellip;]<\/p>\n","protected":false},"author":1,"featured_media":2231,"parent":0,"menu_order":0,"comment_status":"closed","ping_status":"closed","template":"","meta":{"_genesis_hide_title":false,"_genesis_hide_breadcrumbs":false,"_genesis_hide_singular_image":false,"_genesis_hide_footer_widgets":false,"_genesis_custom_body_class":"","_genesis_custom_post_class":"","_genesis_layout":"","footnotes":""},"_links":{"self":[{"href":"https:\/\/www.masdanza.com\/english\/wp-json\/wp\/v2\/pages\/1969"}],"collection":[{"href":"https:\/\/www.masdanza.com\/english\/wp-json\/wp\/v2\/pages"}],"about":[{"href":"https:\/\/www.masdanza.com\/english\/wp-json\/wp\/v2\/types\/page"}],"author":[{"embeddable":true,"href":"https:\/\/www.masdanza.com\/english\/wp-json\/wp\/v2\/users\/1"}],"replies":[{"embeddable":true,"href":"https:\/\/www.masdanza.com\/english\/wp-json\/wp\/v2\/comments?post=1969"}],"version-history":[{"count":3,"href":"https:\/\/www.masdanza.com\/english\/wp-json\/wp\/v2\/pages\/1969\/revisions"}],"predecessor-version":[{"id":2029,"href":"https:\/\/www.masdanza.com\/english\/wp-json\/wp\/v2\/pages\/1969\/revisions\/2029"}],"wp:featuredmedia":[{"embeddable":true,"href":"https:\/\/www.masdanza.com\/english\/wp-json\/wp\/v2\/media\/2231"}],"wp:attachment":[{"href":"https:\/\/www.masdanza.com\/english\/wp-json\/wp\/v2\/media?parent=1969"}],"curies":[{"name":"wp","href":"https:\/\/api.w.org\/{rel}","templated":true}]}}