{"id":1958,"date":"2019-03-08T12:00:16","date_gmt":"2019-03-08T11:00:16","guid":{"rendered":"http:\/\/www.masdanza.com\/english\/?page_id=1958"},"modified":"2019-03-28T17:42:53","modified_gmt":"2019-03-28T16:42:53","slug":"1o-certamen-coreografico-de-maspalomas","status":"publish","type":"page","link":"https:\/\/www.masdanza.com\/english\/1o-certamen-coreografico-de-maspalomas\/","title":{"rendered":"I Maspalomas Choreography Contest"},"content":{"rendered":"\n<ul><li><strong>First Prize <\/strong><\/li><\/ul>\n\n\n\n<p><strong>QUIEN EST\u00c9 LIBRE DE TAL QUE TIRE LA PRIMERA CUAL<\/strong> (Gran Canaria, Spain) <\/p>\n\n\n\n<blockquote class=\"wp-block-quote\"><p><strong>Choreographer:<\/strong> Auxi Angulo <\/p><p><strong>Performers:<\/strong> Marisa Fuentes, Miriam Solano, Esther Mar\u00edn, Mariola Su\u00e1rez.<\/p><\/blockquote>\n\n\n\n<hr class=\"wp-block-separator\"\/>\n\n\n\n<ul><li><strong> Second Prize  <\/strong><\/li><\/ul>\n\n\n\n<p><strong>PRECAUCI\u00d3N <\/strong> (Gran Canaria, Spain) <\/p>\n\n\n\n<blockquote class=\"wp-block-quote\"><p><strong>Choreographer:<\/strong> Inma Trujillo (Gran Canaria, Spain)<\/p><p><strong>Performers:<\/strong> Mag\u00fci Cos\u00edo, Yaiza Guimar\u00e9, Inma Trujillo, Estefan\u00eda Varona.<\/p><\/blockquote>\n","protected":false},"excerpt":{"rendered":"<p>First Prize QUIEN EST\u00c9 LIBRE DE TAL QUE TIRE LA PRIMERA CUAL (Gran Canaria, Spain) Choreographer: Auxi Angulo Performers: Marisa Fuentes, Miriam Solano, Esther Mar\u00edn, Mariola Su\u00e1rez. Second Prize PRECAUCI\u00d3N (Gran Canaria, Spain) Choreographer: Inma Trujillo (Gran Canaria, Spain) Performers: Mag\u00fci Cos\u00edo, Yaiza Guimar\u00e9, Inma Trujillo, Estefan\u00eda Varona.<\/p>\n","protected":false},"author":1,"featured_media":2228,"parent":0,"menu_order":0,"comment_status":"closed","ping_status":"closed","template":"","meta":{"_genesis_hide_title":false,"_genesis_hide_breadcrumbs":false,"_genesis_hide_singular_image":false,"_genesis_hide_footer_widgets":false,"_genesis_custom_body_class":"","_genesis_custom_post_class":"","_genesis_layout":"","footnotes":""},"_links":{"self":[{"href":"https:\/\/www.masdanza.com\/english\/wp-json\/wp\/v2\/pages\/1958"}],"collection":[{"href":"https:\/\/www.masdanza.com\/english\/wp-json\/wp\/v2\/pages"}],"about":[{"href":"https:\/\/www.masdanza.com\/english\/wp-json\/wp\/v2\/types\/page"}],"author":[{"embeddable":true,"href":"https:\/\/www.masdanza.com\/english\/wp-json\/wp\/v2\/users\/1"}],"replies":[{"embeddable":true,"href":"https:\/\/www.masdanza.com\/english\/wp-json\/wp\/v2\/comments?post=1958"}],"version-history":[{"count":4,"href":"https:\/\/www.masdanza.com\/english\/wp-json\/wp\/v2\/pages\/1958\/revisions"}],"predecessor-version":[{"id":2025,"href":"https:\/\/www.masdanza.com\/english\/wp-json\/wp\/v2\/pages\/1958\/revisions\/2025"}],"wp:featuredmedia":[{"embeddable":true,"href":"https:\/\/www.masdanza.com\/english\/wp-json\/wp\/v2\/media\/2228"}],"wp:attachment":[{"href":"https:\/\/www.masdanza.com\/english\/wp-json\/wp\/v2\/media?parent=1958"}],"curies":[{"name":"wp","href":"https:\/\/api.w.org\/{rel}","templated":true}]}}